 prime factors of 541678848.
2, 3, 823, 857
What are the prime factors of 877396269?
3, 19, 41, 9157
What are the prime factors of 131030687?
131030687
What are the prime factors of 5489144?
2, 686143
What are the prime factors of 7259956?
2, 11, 164999
What are the prime factors of 1259806614?
2, 3, 11, 19087979
What are the prime factors of 442835449?
7, 71, 891017
What are the prime factors of 3474470?
2, 5, 337, 1031
List the prime factors of 1222318901.
34483, 35447
What are the prime factors of 1370848159?
17, 5323, 15149
List the prime factors of 104675253.
3, 277, 125963
List the prime factors of 122542382.
2, 383, 159977
List the prime factors of 2509093978.
2, 29, 43260241
List the prime factors of 67527549.
3, 61, 123001
What are the prime factors of 221352485?
5, 1069, 41413
What are the prime factors of 38324385?
3, 5, 11, 139, 557
List the prime factors of 734104195.
5, 11, 61, 218809
What are the prime factors of 91343676?
2, 3, 37, 419, 491
What are the prime factors of 271195863?
3, 751, 120371
What are the prime factors of 2569568608?
2, 80299019
What are the prime factors of 179462959?
13, 1061911
List the prime factors of 1344176701.
7, 89, 2157587
List the prime factors of 90794501.
7, 17, 23, 677
What are the prime factors of 3522545034?
2, 3, 293, 2003723
What are the prime factors of 26227320?
2, 3, 5, 7, 31223
List the prime factors of 30915261.
3, 13, 19, 13907
What are the prime factors of 200551771?
7, 17, 311, 5419
List the prime factors of 1128736040.
2, 5, 19, 23, 31, 2083
List the prime factors of 139899854.
2, 69949927
List the prime factors of 177567183.
3, 113, 174599
What are the prime factors of 15019946?
2, 439, 17107
What are the prime factors of 5019424?
2, 227, 691
What are the prime factors of 1975745909?
31, 47, 1356037
What are the prime factors of 48085391?
48085391
What are the prime factors of 2314332579?
3, 13, 223, 281, 947
List the prime factors of 4267888681.
7, 571, 152539
List the prime factors of 81827836.
2, 23, 38671
List the prime factors of 480822529.
11, 43711139
List the prime factors of 4490014111.
11, 263, 857, 1811
List the prime factors of 76126521.
3, 19, 83, 16091
List the prime factors of 134267386.
2, 11, 31, 196873
What are the prime factors of 4585460?
2, 5, 11, 19, 1097
What are the prime factors of 40438029?
3, 13479343
What are the prime factors of 481076476?
2, 29, 31, 133781
What are the prime factors of 11858662?
2, 23, 257797
List the prime factors of 100021163.
11, 9092833
What are the prime factors of 53824497?
3, 17941499
List the prime factors of 283456548.
2, 3, 2003, 3931
List the prime factors of 43490059.
37, 1175407
List the prime factors of 169615186.
2, 13, 6523661
What are the prime factors of 3615074517?
3, 31, 101, 409, 941
List the prime factors of 978096384.
2, 3, 1747
What are the prime factors of 2726256993?
3, 41, 22164691
List the prime factors of 21339596.
2, 5334899
List the prime factors of 424874641.
424874641
What are the prime factors of 4155467524?
2, 13, 79912837
List the prime factors of 168835851.
3, 18759539
What are the prime factors of 4251077416?
2, 531384677
What are the prime factors of 5524154911?
11, 5939, 84559
List the prime factors of 119361622.
2, 29, 193, 10663
What are the prime factors of 115007210?
2, 5, 17, 31, 139, 157
List the prime factors of 13169962.
2, 13, 506537
What are the prime factors of 4075006397?
7, 11, 67, 789883
List the prime factors of 412889667.
3, 2143, 64223
List the prime factors of 740559601.
740559601
What are the prime factors of 16605397?
16605397
List the prime factors of 1131296221.
11, 102845111
List the prime factors of 2190842160.
2, 3, 5, 13, 702193
What are the prime factors of 133238089?
19, 101, 69431
List the prime factors of 1647879895.
5, 353, 933643
List the prime factors of 1147565491.
28277, 40583
List the prime factors of 6245927.
19, 97, 3389
List the prime factors of 5958171588.
2, 3, 311, 1596509
What are the prime factors of 426144911?
47, 71, 127703
List the prime factors of 122087650.
2, 5, 389, 6277
List the prime factors of 96116123.
67, 193, 7433
What are the prime factors of 99335294?
2, 49667647
List the prime factors of 8249541292.
2, 2062385323
List the prime factors of 1141863687.
3, 3923, 32341
What are the prime factors of 904489818?
2, 3, 150748303
What are the prime factors of 1683346?
2, 7, 89, 193
What are the prime factors of 7694719044?
2, 3, 17, 37719211
List the prime factors of 57805459.
43, 379, 3547
What are the prime factors of 154076588?
2, 38519147
List the prime factors of 653357346.
2, 3, 108892891
List the prime factors of 97566033.
3, 73, 445507
List the prime factors of 169260399.
3, 7, 11, 244243
What are the prime factors of 965877652?
2, 1499, 161087
List the prime factors of 66900019.
199, 336181
List the prime factors of 134373729.
3, 7, 17, 3163
List the prime factors of 1569552801.
3, 523184267
What are the prime factors of 2549077131?
3, 849692377
What are the prime factors of 321310753?
31, 47, 220529
List the prime factors of 146777294.
2, 29, 41, 61723
List the prime factors of 253260888.
2, 3, 83, 127139
List the prime factors of 928648547.
71, 431, 30347
List the prime factors of 2531398105.
5, 37, 433, 31601
What are the prime factors of 2106541974?
2, 3, 47, 7470007
What are the prime factors of 63986760?
2, 3, 5, 29, 227
List the prime factors of 46535333.
13, 275357
What are the prime factors of 1462944809?
17, 86055577
List the prime factors of 2273949114.
2, 3, 79, 4797361
List the prime factors of 668445734.
2, 11, 23, 67, 19717
List the prime factors of 189835889.
17, 11166817
What are the prime factors of 6632080291?
23, 67, 271, 15881
What are the prime factors of 1367398091?
241, 5673851
What are the prime factors of 2651846842?
2, 353, 3756157
What are the prime factors of 336113912?
2, 647, 64937
What are the prime factors of 560547581?
11, 79, 645049
What are the prime factors of 23257984?
2, 109, 1667
What are the prime factors of 2320358823?
3, 257817647
List the prime factors of 9030718.
2, 4515359
What are the prime factors of 306583088?
2, 7, 19, 144071
List the prime factors of 140366952.
2, 3, 11, 59077
What are the prime factors of 324938260?
2, 5, 47, 345679
What are the prime factors of 237013552?
2, 14813347
List the prime factors of 1542588047.
7, 11, 13, 433, 3559
What are the prime factors of 63238671?
3, 2342173
What are the prime factors of 2251998810?
2, 3, 5, 25022209
What are the prime factors of 580448271?
3, 13, 19, 43, 18217
What are the prime factors of 653581218?
2, 3, 17, 499, 12841
List the prime factors of 2547167949.
3, 19, 37, 402587
List the prime factors of 129124619.
13, 764051
What are the prime factors of 39302966?
2, 19651483
List the prime factors of 639002253.
3, 151, 1063, 1327
What are the prime factors of 115687620?
2, 3, 5, 163, 3943
List the prime factors of 92267189.
7, 13181027
What are the prime factors of 362316463?
59, 6140957
List the prime factors of 2074444900.
2, 5, 11, 1885859
What are the prime factors of 311240044?
2, 103, 755437
What are the prime factors of 1230408736?
2, 23, 1039, 1609
What are the prime factors of 613315705?
5, 73, 1680317
List the prime factors of 127903688.
2, 11, 29, 50119
What are the prime factors of 86761251?
3, 17, 567067
List the prime factors of 2667310492.
2, 7, 11, 367, 3371
What are the prime factors of 221717463?
3, 11, 41, 163871
List the prime factors of 113373525.
3, 5, 1511647
What are the prime factors of 44914874?
2, 157, 313, 457
What are the prime factors of 1084873989?
3, 17, 19, 229, 4889
What are the prime factors of 146879025?
3, 5, 19, 59, 1747
What are the prime factors of 6724201990?
2, 5, 11, 97, 630197
List the prime factors of 5843702927.
17, 343747231
What are the prime factors of 3918819915?
3, 5, 2137, 40751
What are the prime factors of 781442991?
3, 7, 4134619
List the prime factors of 206218824.
2, 3, 7, 761, 1613
What are the prime factors of 2368945261?
2368945261
List the prime factors of 402346049.
7, 57478007
List the prime factors of 1762292.
2, 7, 62939
What are the prime factors of 2874126513?
3, 958042171
List the prime factors of 2351202992.
2, 146950187
What are the prime factors of 285232382?
